 = -1596. Calculate the remainder when d is divided by 78.
72
Suppose -10*t + 56 + 4 = 0. What is the remainder when 10 is divided by t?
4
Suppose 14*i - 8*i = 18. Suppose 3*c + 5*k - 95 = 0, -i*c - 2*k + 56 + 45 = 0. What is the remainder when c is divided by 13?
9
Let s = 36 + -26. Suppose 0 = -2*a + 3*a - s. Calculate the remainder when a is divided by 3.
1
Let m(z) = 7*z**2 - 8*z - 6. Calculate the remainder when m(4) is divided by 18.
2
Let i(c) = -c**3 - 15*c**2 - 22*c + 3. Calculate the remainder when i(-17) is divided by 87.
85
Suppose 0 = -3*p + 120 - 9. Calculate the remainder when p is divided by 12 - 4/((-16)/4).
11
Suppose 2*y - 5 + 0 = 5*q, -5*q = -5*y + 20. What is the remainder when -1*q/(-2) + 86/4 is divided by 8?
6
Suppose 2*d + 3*u = 250, 0*u - u - 642 = -5*d. Calculate the remainder when d is divided by 13.
11
What is the remainder when 62 is divided by 263/7 - (-64)/(-112)?
25
Let w be (153/(-12))/(-3)*-4. Let b = -12 - w. Let m = 9 + -5. What is the remainder when b is divided by m?
1
Suppose t + t - 2*q = 176, 4*q = -16. Suppose -k + t = 3*k. Suppose -4*x + 77 = k. What is the remainder when 27 is divided by x?
13
Let y = -59 + 66. Let h = 0 - -11. What is the remainder when h is divided by y?
4
Let x(b) = -b**2 + 8*b - 6. Suppose 14 = 4*z - 2*z. Let j be x(z). Suppose 2*g - j = 13. Calculate the remainder when 12 is divided by g.
5
Suppose 3*t = 2*q - 17, 2*q = -q - 4*t. Suppose 3*z = 2*m + 6, -q*z - 3*m + 19 = -2*m. What is the remainder when 14 is divided by z?
2
Let h(k) = -k**2 + 5*k + 27. Let n be h(8). Suppose -5*v = -2*b + 15, 4*b - n*v - 23 = -0*b. Calculate the remainder when 112 is divided by b.
2
Let m be ((-3)/(-2))/((-6)/(-56)). Suppose u - 7 - 8 = -4*f, -2*u = 4*f - m. Let z = 652 + -634. What is the remainder when z is divided by f?
2
Let c = 28 - -30. Suppose 6*m = 2*m - 48. Calculate the remainder when c is divided by 2 + -1 + -1 - m.
10
Suppose 5*p = 28*p - 6141. Calculate the remainder when p is divided by 54.
51
Let q(p) = -8*p - 11. Suppose -5*x = 10, -4*f + 7*x + 6 = 4*x. Suppose -3*s = 4*d - 32, 4*d - 48 = -5*s - f*d. What is the remainder when q(-5) is divided by s?
5
Suppose -2*h = -3*h - 2*h. Suppose h = -3*m + 4*k + 304, 2*m + 2*k + 67 - 251 = 0. Calculate the remainder when m is divided by 34.
28
Let f(w) = 3*w**2 + 10*w - 5. Let l(v) = -13*v**2 - 40*v + 20. Let m(g) = 9*f(g) + 2*l(g). Let t = 67 - 78. What is the remainder when 17 is divided by m(t)?
5
Suppose -2*y - 2*r + 4*r = -34, -27 = -y - r. What is the remainder when 261 is divided by y?
19
Suppose 0 = -4*q + t + 2*t + 3, -4*q + 5*t = 3. Let j(u) = q + 2*u + 5 - 3 + 12. Calculate the remainder when 8 is divided by j(-7).
2
Let a = -105 + 151. Suppose 5*u = -2*d + 166, -u - 171 = -2*d + 7. What is the remainder when d is divided by a?
42
Suppose -9*z + 10*z = -9. Let h = -5 - z. Suppose 16 = 4*i + h. Calculate the remainder when 4 is divided by i.
1
Let z(i) = -i**3 + i + 32. Let r(x) = -2218*x - 10932. Calculate the remainder when r(-5) is divided by z(0).
30
Suppose 0 = y - 3*y - 5*u + 131, -u = -y + 62. Let t(d) = -2*d**3 - 4*d**2 - 2. Calculate the remainder when y is divided by t(-3).
15
Suppose -z - 3*z - 5*g + 56 = 0, 22 = 2*z + 4*g. What is the remainder when 73 is divided by z?
16
Suppose 6 = 15*u - 13*u. Suppose -u*l = 5*s - 2*l - 8, s - 5*l = -14. Calculate the remainder when 43 - (s - -1 - 2) is divided by 22.
21
Let m(q) = -q**3 + 13*q**2 + 14*q + 46. What is the remainder when m(14) is divided by 4?
2
Let t(c) = 14*c**2 - 3*c + 2. Let g(a) = -a + 7. Let l be g(4). Calculate the remainder when t(l) is divided by 24.
23
Suppose -29*u + 556 = 121. Calculate the remainder when u is divided by 13.
2
Suppose -2*b - g = -258, 4*b + 5*g = 450 + 54. Let v = b - 93. Let x = 69 - v. Calculate the remainder when x is divided by 11.
9
Suppose 3*z + 8 = 5*z. Suppose -2*d + 100 = -z*d. What is the remainder when 69 is divided by ((-14)/(-5))/((-10)/d)?
13
Let d = 78 - 24. Let f = -49 + d. Calculate the remainder when 31 is divided by f.
1
Let u(f) = f - 1. Let y(h) = 4*h - 4. Let g(m) = 3*u(m) - y(m). Suppose 0*t + 3*t = -33. Calculate the remainder when 35 is divided by g(t).
11
Calculate the remainder when 97 is divided by 2/7 + 0 + (-272)/(-28).
7
Suppose 14*z - 112 = -3*j + 12*z, 4*j = z + 142. Calculate the remainder when 44 is divided by j.
8
Suppose -190 = -7*z - 1. Let d(q) = -7*q - 14. Calculate the remainder when z is divided by d(-4).
13
Let g(r) be the first derivative of r**4/4 - 11*r**3/3 - 3*r**2 - 3*r - 11. Calculate the remainder when g(12) is divided by 14.
13
Calculate the remainder when ((-824)/(-20))/(2*3/15) is divided by 31.
10
Suppose -3*d = -2 - 4. Suppose 22 = -5*p - 4*m + 142, -3*p - m + 72 = 0. Suppose -10 = -d*k + p. What is the remainder when 66 is divided by k?
15
Let q = -10 - -11. Suppose -f + 8 = q. What is the remainder when 16 is divided by f?
2
Let m(v) be the second derivative of 5*v**4/4 - v**3/6 - v. Let n be m(1). Suppose -n*c = -18*c + 412. Calculate the remainder when c is divided by 35.
33
Suppose 2*g + 2*b = 7*g - 105, -2*g = -b - 41. What is the remainder when 364 is divided by g?
19
Suppose -8 = -4*j, f - 2*j - 2*j = -3. Suppose 0 = -f*x - 5*a + 260, 4*x = 3*a - 41 + 277. Calculate the remainder when x is divided by 15.
11
Suppose -4*d + 24 + 4 = 0. Let h(o) = 8*o - 4. Let y be h(d). Let p = y - 27. Calculate the remainder when 98 is divided by p.
23
Let o(b) = -2*b**3 - 16*b**2. Let p(x) = x**2. Let z(w) = 5*o(w) + 80*p(w). What is the remainder when 108 is divided by z(-1)?
8
Let s = -169 - -313. What is the remainder when s is divided by 51?
42
Suppose 0 = 3*r - 9. Suppose -2*z - 60 = -5*g + r*z, 34 = 3*g - z. Suppose 2*a = g + 43. Calculate the remainder when 80 is divided by a.
26
Suppose -9*x - 18 = -11*x. Suppose -42 = 2*g - x*g. Calculate the remainder when 17 is divided by g.
5
Suppose -6*s + 3*s - 2*c = -1491, 3*s - 5*c = 1512. What is the remainder when s is divided by 34?
23
Suppose 4*x = 3*h - 2*h + 87, 0 = 5*x + 4*h - 114. Calculate the remainder when 50 is divided by x.
6
Let a(f) = -f**3 - f**2 - f + 36. What is the remainder when a(0) is divided by 14?
8
Suppose -3*j - j = 2*o, 5*j = 5*o - 15. Let r = 11 - -13. Calculate the remainder when -2 + (-49)/(-2)*o is divided by r.
23
Suppose 3*g - 8 = m, 3*g = -4*m - 2*g - 32. Calculate the remainder when 61 is divided by m/36*-3*21/2.
5
Let t(n) = -3 - 18*n + 8*n**2 + 3*n**3 - 2*n**3 + 18*n. What is the remainder when t(-7) is divided by 12?
10
Suppose 0 = 230*l - 244*l + 56. Calculate the remainder when 45 is divided by l.
1
Suppose 41*v - 35*v = 36. Calculate the remainder when 115 is divided by v.
1
Let h(w) = -2*w + 38. Let s be h(0). Suppose 6*m - 182 + s = 0. Calculate the remainder when 45 is divided by m.
21
Suppose -4*c - 42 = -5*i, c - 4*c = 3*i - 9. Let j = -4 + i. Let a(k) = -4*k - 10. Calculate the remainder when a(-3) is divided by j.
0
Suppose 140*l - 136*l = 16. Let b be 0 - ((3 - 8) + 0). Suppose -j - 8 = b*c, -6*c - 10 = -j - 5*c. What is the remainder when j is divided by l?
3
Let w = -10 + 80. Let b = -34 - -50. Suppose -4*g = -b, -w = -5*k - 2*g - 2. Calculate the remainder when k is divided by 7.
5
Let q be (38/12 + (-16)/24)*2. Suppose 0 = -q*j + 186 + 9. What is the remainder when 76 is divided by j?
37
Let u = 328 - 161. Let g = u - 84. What is the remainder when g is divided by 14?
13
Suppose t + 90 = 3*t. Let w = 108 - t. What is the remainder when w is divided by 17?
12
Calculate the remainder when (-20)/(-28) + 14575/77 is divided by 6.
4
What is the remainder when 250 is divided by (-342)/19*(-3)/(9/2)?
10
Let o(b) = b**3 - 11*b**2 + 9*b + 11. Let x be o(10). Suppose -58 = -5*y + m, 2*y - 25 + 5 = 2*m. Let s = y - x. What is the remainder when 32 is divided by s?
10
Suppose 3*q - q - 370 = 0. Calculate the remainder when q is divided by 38.
33
Let l(q) = -q**3 - 11*q**2 + 9*q + 35. What is the remainder when l(-12) is divided by 26?
19
Suppose -14*r + 3982 = 8*r. What is the remainder when r is divided by 38?
29
Let i(j) = 15*j - 27*j + 7 - 20. Let a = -20 + 10. Calculate the remainder when i(a) is divided by 18.
17
Suppose -5*v - 3*k + 331 = 0, -3*v + 281 = -5*k + 62. Suppose 111 = 4*g + a, -a